oes 261 divide 18270?
True
Is 11499 a multiple of 3?
True
Does 12 divide 185341?
False
Is 10827 a multiple of 12?
False
Is 104310 a multiple of 171?
True
Is 14061924 a multiple of 408?
False
Is 38 a factor of 43489?
False
Is 36544 a multiple of 2?
True
Does 26 divide 248274?
True
Is 1080 a factor of 25678080?
True
Does 24 divide 1204248?
True
Is 149 a factor of 186305?
False
Is 3385110 a multiple of 15?
True
Is 207 a factor of 2077038?
True
Is 52944 a multiple of 48?
True
Does 126 divide 106848?
True
Is 1810886 a multiple of 121?
True
Does 844 divide 660008?
True
Does 7 divide 347515?
True
Is 1146745 a multiple of 1014?
False
Is 114 a factor of 64970?
False
Is 3 a factor of 43368?
True
Does 687 divide 10043940?
True
Is 108204 a multiple of 3?
True
Does 22 divide 76027?
False
Is 10 a factor of 1990?
True
Is 1449045 a multiple of 65?
True
Is 5479198 a multiple of 311?
True
Is 1782185 a multiple of 11?
False
Is 30 a factor of 3475?
False
Is 115 a factor of 1126815?
False
Is 1450852 a multiple of 291?
False
Does 19 divide 436734?
True
Does 107 divide 2135401?
False
Is 24903312 a multiple of 16?
True
Is 2003441 a multiple of 117?
False
Is 7 a factor of 416435?
False
Is 8331215 a multiple of 62?
False
Is 170 a factor of 53535?
False
Is 35 a factor of 3657150?
True
Is 9 a factor of 226816?
False
Is 257 a factor of 1167037?
True
Does 179 divide 1914405?
True
Is 1988 a factor of 13504484?
True
Is 596 a factor of 472528?
False
Does 309 divide 499653?
True
Is 267400 a multiple of 190?
False
Is 103 a factor of 8577016?
True
Is 983 a factor of 801145?
True
Is 98 a factor of 904982?
False
Does 26 divide 241635?
False
Is 25 a factor of 633325?
True
Is 55020 a multiple of 20?
True
Is 144 a factor of 999648?
True
Is 14 a factor of 6479004?
True
Is 243423 a multiple of 51?
True
Is 471040 a multiple of 15?
False
Is 2539 a multiple of 42?
False
Is 24 a factor of 213337?
False
Does 193 divide 3228697?
True
Is 370037 a multiple of 14?
False
Is 147 a factor of 187866?
True
Is 4285921 a multiple of 50?
False
Is 270 a factor of 483840?
True
Does 8 divide 62355?
False
Is 10582910 a multiple of 26?
True
Is 120 a factor of 88601?
False
Is 96 a factor of 2417280?
True
Does 18 divide 2692548?
True
Is 22610 a multiple of 9?
False
Is 59 a factor of 215227?
False
Does 221 divide 3448926?
True
Is 504 a factor of 141781?
False
Is 53 a factor of 956940?
False
Is 14 a factor of 468566?
True
Is 99200 a multiple of 13?
False
Is 4811760 a multiple of 24?
True
Does 191 divide 458591?
True
Does 6 divide 229368?
True
Does 42 divide 29164?
False
Is 4934886 a multiple of 188?
False
Is 46 a factor of 5817968?
False
Is 10 a factor of 4415040?
True
Is 3286812 a multiple of 62?
False
Is 3672531 a multiple of 80?
False
Does 390 divide 1668477?
False
Is 7068 a multiple of 79?
False
Is 66 a factor of 6737808?
True
Is 41096 a multiple of 742?
False
Is 12412 a multiple of 214?
True
Does 337 divide 1214809?
False
Does 131 divide 32919?
False
Does 133 divide 185801?
True
Is 118131 a multiple of 169?
True
Does 15 divide 4181311?
False
Is 213787 a multiple of 42?
False
Does 28 divide 3499171?
False
Is 356 a factor of 29790792?
True
Does 23 divide 824503?
False
Is 1941856 a multiple of 112?
True
Is 13 a factor of 16453130?
False
Is 16436212 a multiple of 174?
False
Is 8 a factor of 1163712?
True
Does 9 divide 2807679?
False
Is 548104 a multiple of 270?
False
Is 597176 a multiple of 17?
True
Is 59 a factor of 2812427?
False
Is 299827 a multiple of 11?
True
Is 36 a factor of 516510?
False
Is 909887 a multiple of 20?
False
Is 1556695 a multiple of 12?
False
Does 30 divide 35461?
False
Does 61 divide 9868214?
True
Does 181 divide 55709?
False
Is 3443756 a multiple of 290?
False
Does 122 divide 1726422?
True
Is 13 a factor of 694466?
False
Does 101 divide 370746?
False
Is 387 a factor of 136611?
True
Does 10 divide 3230?
True
Is 1394 a factor of 2394486?
False
Is 180193 a multiple of 83?
True
Is 17 a factor of 146195?
False
Is 47990 a multiple of 49?
False
Is 29 a factor of 101587?
True
Is 66 a factor of 126852?
True
Does 106 divide 6121712?
True
Is 100 a factor of 702900?
True
Is 296462 a multiple of 136?
False
Does 62 divide 823509?
False
Does 46 divide 323104?
True
Does 169 divide 2382257?
False
Is 38 a factor of 351228?
False
Does 18 divide 18927?
False
Is 163 a factor of 469424?
False
Is 311717 a multiple of 70?
False
Does 42 divide 2080007?
False
Does 15 divide 48465?
True
Is 7 a factor of 4032289?
False
Is 41 a factor of 14787746?
False
Is 742608 a multiple of 324?
True
Is 61607 a multiple of 26?
False
Does 80 divide 342400?
True
Is 836788 a multiple of 66?
False
Is 21712 a multiple of 368?
True
Is 4344099 a multiple of 80?
False
Does 887 divide 865712?
True
Is 273572 a multiple of 11?
False
Is 252 a factor of 9201528?
True
Is 945194 a multiple of 47?
False
Is 1508982 a multiple of 47?
True
Is 6780 a multiple of 113?
True
Does 16 divide 174681?
False
Is 132101 a multiple of 63?
False
Is 111888 a multiple of 72?
True
Is 426 a factor of 15428016?
True
Does 301 divide 211904?
True
Does 4 divide 42216?
True
Does 18 divide 851202?
True
Does 935 divide 1444575?
True
Is 3 a factor of 1213285?
False
Does 26 divide 35854?
True
Does 211 divide 2032408?
False
Does 79 divide 3178771?
False
Is 174734 a multiple of 14?
True
Is 56 a factor of 205016?
True
Is 36 a factor of 746487?
False
Is 64 a factor of 814120?
False
Is 10 a factor of 437100?
True
Does 13 divide 338?
True
Is 123 a factor of 1380798?
True
Is 5 a factor of 35875?
True
Does 1004 divide 6114406?
False
Does 4 divide 34192?
True
Does 17 divide 1548241?
True
Is 91 a factor of 2428335?
True
Does 425 divide 263925?
True
Is 37 a factor of 7503478?
False
Does 244 divide 578280?
True
Is 68 a factor of 3514104?
True
Is 1555500 a multiple of 750?
True
Does 853 divide 4418540?
True
Does 64 divide 131648?
True
Is 7 a factor of 79667?
True
Does 10 divide 122424?
False
Does 55 divide 1449986?
False
Is 10 a factor of 90140?
True
Does 22 divide 34147?
False
Is 354464 a multiple of 67?
False
Does 700 divide 3197678?
False
Is 11 a factor of 830731?
True
Is 5325457 a multiple of 72?
False
Is 2045580 a multiple of 103?
True
Does 194 divide 1665233?
False
Is 680194 a multiple of 15?
False
Is 29520 a multiple of 20?
True
Is 576430 a multiple of 347?
False
Is 18 a factor of 152046?
True
Does 17 divide 935639?
False
Is 24 a factor of 65976?
True
Does 286 divide 146765?
False
Is 43 a factor of 43676?
False
Is 782988 a multiple of 12?
True
Is 75 a factor of 6658050?
True
Is 13013348 a multiple of 72?
False
Is 1388225 a multiple of 14?
False
Is 53318 a multiple of 134?
False
Is 916832 a multiple of 112?
True
Is 599272 a multiple of 866?
True
Is 74 a factor of 683908?
True
Does 44 divide 34706?
False
Does 5 divide 397710?
True
Does 22 divide 753170?
True
Is 102 a factor of 51612?
True
Is 2866829 a multiple of 343?
False
Is 29 a factor of 201044?
False
Does 137 divide 184057?
False
Is 10855 a multiple of 4?
False
Is 55029 even?
False
Is 6866168 a multiple of 386?
True
Is 11996538 a multiple of 273?
False
Does 58 divide 471714?
True
Is 2324674 a multiple of 60?
False
Does 10 divide 29580?
True
Is 35267 a multiple of 40?
False
Is 25 a factor of 145750?
True
Is 35226 a multiple of 139?
False
Is 679581 a multiple of 147?
True
Is 8736 a multiple of 8?
True
Does 96 divide 3831360?
True
Is 3577789 a multiple of 1213?
False
Does 98 divide 445513?
False
Is 3 a factor of 60066?
True
Is 3 a factor of 58011?
True
Does 243 divide 62279?
False
Is 88 a factor of 1218927?
False
Is 37590 a multiple of 5?
True
Is 47 a factor of 11583034?
False
Is 95604 a multiple of 593?
False
Is 280 a factor of 4928000?
True
Is 113 a factor of 822188?
True
Does 36 divide 7661092?
False
Is 91847 a multiple of 562?
False
Does 143 divide 5837975?
True
Is 657162 a multiple of 112?
False
Is 15 a factor of 181215?
True
Is 70 a factor of 142800?
True
Is 28 a factor of 16137436?
True
Is 82479 a multiple of 91?
False
Is 457 a factor of 271915?
True
Is 7 a factor of 73750?
False
Is 125 a factor of 19250?
True
Is 24972 a multiple of 3?
True
Is 166901 a multiple of 26?
False
Is 4 a factor of 180787?
False
Is 266598 a multiple of 288?
False
Is 6 a factor of 862695?
False
Does 90 divide 78829?
False
Is 90 a factor of 119